{"id":273,"date":"2023-03-25T15:57:55","date_gmt":"2023-03-25T15:57:55","guid":{"rendered":"https:\/\/ppk.eitcon.com\/?page_id=273"},"modified":"2023-03-25T16:18:39","modified_gmt":"2023-03-25T16:18:39","slug":"alueosastot","status":"publish","type":"page","link":"https:\/\/porinprikaatinkilta.fi\/?page_id=273","title":{"rendered":"Alueosastot"},"content":{"rendered":"\t\t<div data-elementor-type=\"wp-page\" data-elementor-id=\"273\" class=\"elementor elementor-273\">\n\t\t\t\t\t\t<section class=\"elementor-section elementor-top-section elementor-element elementor-element-ecd1aa8 elementor-section-boxed elementor-section-height-default elementor-section-height-default\" data-id=\"ecd1aa8\" data-element_type=\"section\">\n\t\t\t\t\t\t<div class=\"elementor-container elementor-column-gap-default\">\n\t\t\t\t\t<div class=\"elementor-column elementor-col-100 elementor-top-column elementor-element elementor-element-4dcb459\" data-id=\"4dcb459\" data-element_type=\"column\">\n\t\t\t<div class=\"elementor-widget-wrap elementor-element-populated\">\n\t\t\t\t\t\t<div class=\"elementor-element elementor-element-e14498a elementor-widget elementor-widget-text-editor\" data-id=\"e14498a\" data-element_type=\"widget\" data-widget_type=\"text-editor.default\">\n\t\t\t\t<div class=\"elementor-widget-container\">\n\t\t\t\t\t\t\t\t\t<h3>Viestint\u00e4 j\u00e4senist\u00f6lle<\/h3><div>Kilta ja sen alueosastot k\u00e4ytt\u00e4v\u00e4t viestinn\u00e4ss\u00e4\u00e4n p\u00e4\u00e4asiassa s\u00e4hk\u00f6postia ajan ja kustannusten s\u00e4\u00e4st\u00e4miseksi. Siksi on ensiarvoisen t\u00e4rke\u00e4\u00e4, ett\u00e4 yhdistyksen tiedotuksesta vastaavilla on tiedossaan kaikkien yhdistyksen j\u00e4senten ajantasaiset yhteystiedot.\u00a0<\/div>\t\t\t\t\t\t\t\t<\/div>\n\t\t\t\t<\/div>\n\t\t\t\t\t<\/div>\n\t\t<\/div>\n\t\t\t\t\t<\/div>\n\t\t<\/section>\n\t\t\t\t<\/div>\n\t\t","protected":false},"excerpt":{"rendered":"<p>Viestint\u00e4 j\u00e4senist\u00f6lle Kilta ja sen alueosastot k\u00e4ytt\u00e4v\u00e4t viestinn\u00e4ss\u00e4\u00e4n p\u00e4\u00e4asiassa s\u00e4hk\u00f6postia ajan ja kustannusten s\u00e4\u00e4st\u00e4miseksi. Siksi on ensiarvoisen t\u00e4rke\u00e4\u00e4, ett\u00e4 yhdistyksen &#8230; <\/p>\n<p class=\"read-more-container\"><a title=\"Alueosastot\" class=\"read-more button\" href=\"https:\/\/porinprikaatinkilta.fi\/?page_id=273#more-273\" aria-label=\"Lue lis\u00e4\u00e4 aiheesta Alueosastot\">Lue lis\u00e4\u00e4<\/a><\/p>\n","protected":false},"author":1,"featured_media":0,"parent":0,"menu_order":0,"comment_status":"closed","ping_status":"closed","template":"","meta":{"footnotes":""},"class_list":["post-273","page","type-page","status-publish"],"_links":{"self":[{"href":"https:\/\/porinprikaatinkilta.fi\/index.php?rest_route=\/wp\/v2\/pages\/273","targetHints":{"allow":["GET"]}}],"collection":[{"href":"https:\/\/porinprikaatinkilta.fi\/index.php?rest_route=\/wp\/v2\/pages"}],"about":[{"href":"https:\/\/porinprikaatinkilta.fi\/index.php?rest_route=\/wp\/v2\/types\/page"}],"author":[{"embeddable":true,"href":"https:\/\/porinprikaatinkilta.fi\/index.php?rest_route=\/wp\/v2\/users\/1"}],"replies":[{"embeddable":true,"href":"https:\/\/porinprikaatinkilta.fi\/index.php?rest_route=%2Fwp%2Fv2%2Fcomments&post=273"}],"version-history":[{"count":7,"href":"https:\/\/porinprikaatinkilta.fi\/index.php?rest_route=\/wp\/v2\/pages\/273\/revisions"}],"predecessor-version":[{"id":306,"href":"https:\/\/porinprikaatinkilta.fi\/index.php?rest_route=\/wp\/v2\/pages\/273\/revisions\/306"}],"wp:attachment":[{"href":"https:\/\/porinprikaatinkilta.fi\/index.php?rest_route=%2Fwp%2Fv2%2Fmedia&parent=273"}],"curies":[{"name":"wp","href":"https:\/\/api.w.org\/{rel}","templated":true}]}}

<div data-elementor-type="wp-page" data-elementor-id="273" class="elementor elementor-273">
						<section class="elementor-section elementor-top-section elementor-element elementor-element-ecd1aa8 elementor-section-boxed elementor-section-height-default elementor-section-height-default" data-id="ecd1aa8" data-element_type="section">
						<div class="elementor-container elementor-column-gap-default">
					<div class="elementor-column elementor-col-100 elementor-top-column elementor-element elementor-element-4dcb459" data-id="4dcb459" data-element_type="column">
			<div class="elementor-widget-wrap elementor-element-populated">
						<div class="elementor-element elementor-element-e14498a elementor-widget elementor-widget-text-editor" data-id="e14498a" data-element_type="widget" data-widget_type="text-editor.default">
				<div class="elementor-widget-container">
									<h3>Viestintä jäsenistölle</h3><div>Kilta ja sen alueosastot käyttävät viestinnässään pääasiassa sähköpostia ajan ja kustannusten säästämiseksi. Siksi on ensiarvoisen tärkeää, että yhdistyksen tiedotuksesta vastaavilla on tiedossaan kaikkien yhdistyksen jäsenten ajantasaiset yhteystiedot. </div>								</div>
				</div>
					</div>
		</div>
					</div>
		</section>
				</div>

<p>Viestintä jäsenistölle Kilta ja sen alueosastot käyttävät viestinnässään pääasiassa sähköpostia ajan ja kustannusten säästämiseksi. Siksi on ensiarvoisen tärkeää, että yhdistyksen &#8230; </p>
<p class="read-more-container"><a title="Alueosastot" class="read-more button" href="https://porinprikaatinkilta.fi/?page_id=273#more-273" aria-label="Lue lisää aiheesta Alueosastot">Lue lisää</a></p>
