{"id":393,"date":"2023-03-26T09:49:29","date_gmt":"2023-03-26T09:49:29","guid":{"rendered":"https:\/\/ppk.eitcon.com\/?page_id=393"},"modified":"2025-12-02T14:35:10","modified_gmt":"2025-12-02T14:35:10","slug":"jasenyys","status":"publish","type":"page","link":"https:\/\/porinprikaatinkilta.fi\/?page_id=393","title":{"rendered":"J\u00e4senyys"},"content":{"rendered":"<p><a href=\"https:\/\/porinprikaatinkilta.fi\/?page_id=719\"><br \/>\nLiity j\u00e4seneksi<br \/>\n<\/a><\/p>\n<p>Killan j\u00e4senm\u00e4\u00e4r\u00e4 vuoden 2024 lopussa oli 1292 henkil\u00f6\u00e4. J\u00e4senmaksunsa ajallaan suorittanut j\u00e4sen saa Porilainen &#8211; lehden (4 numeroa vuodessa). Lis\u00e4ksi MPKL l\u00e4hett\u00e4\u00e4 Maanpuolustaja &#8211; lehden (2 numeroa vuodessa). J\u00e4seneksi voi liitty\u00e4 my\u00f6s muissa joukko-osastoissa palvellut mies tai nainen<\/p>\n<p><a href=\"https:\/\/puolustusvoimat.fi\/joukko-osastojen-lehdet\" target=\"_blank\" rel=\"noopener\">Joukko-osastojen lehdet<\/a> (maanpuolustus.fi)<br \/>\n<a href=\"https:\/\/mpkl.fi\/maanpuolustaja-lehti\/\" target=\"_blank\" rel=\"noopener\">Maanpuolustaja lehti <\/a>(mpkl.fi)<\/p>\n<h3>J\u00e4senmaksut vuonna 2026<\/h3>\n<p>Vuosij\u00e4senmaksu: 25 euroa<br \/>\nKannatusj\u00e4senmaksu: 65 euroa<br \/>\nAinaisj\u00e4senmaksu: 500 euroa<\/p>\n<p>J\u00e4senhakemus<\/p>\n<h3>Voit muuttaa j\u00e4sentietojasi seuraavilla tavoilla:<\/h3>\n<p><strong>1. Omat sivut<\/strong><br \/>\nKirjaudu osoitteeseen: www.mpkl.fi<\/p>\n<p>Kohdassa j\u00e4senrekisteri ja j\u00e4senmaksuasiat on:<\/p>\n<p>Tarkista ja muuta j\u00e4sentietojasi<\/p>\n<p>T\u00e4st\u00e4 p\u00e4\u00e4set kirjautumisvalikkoon<br \/>\nMerkitse k\u00e4ytt\u00e4j\u00e4tunnukseksi oma j\u00e4sennumerosi<br \/>\nMerkitse salasanaksi osoitteesi postinumero<br \/>\nT\u00e4m\u00e4n j\u00e4lkeen sinun pit\u00e4\u00e4 valita uusi salasana.<\/p>\n<p>Sitten p\u00e4\u00e4set ohjelmaan tarkistamaan ja muuttamaan tietojasi.<\/p>\n<p>J\u00e4sennumero: J\u00e4sennumerosi on j\u00e4senmaksupankkisiirrossa sek\u00e4 Porilainen -lehden osoitelapussa<\/p>\n<p><strong>2. Internet<\/strong><br \/>\nMuutoslomakkeella voit ilmoittaa osoitemuutoksen ja s\u00e4hk\u00f6postiosoitemuutoksen.<\/p>\n<p><strong>3. Puhelin<\/strong><br \/>\nSoita numeroon 09 4056 2010<br \/>\ntoimisto avoinna ma-pe kello 10.00 &#8211; 14.00<br \/>\nPyyd\u00e4 tekem\u00e4\u00e4n haluamasi muutokset<\/p>\n<p>J\u00e4senen tiedot rekisteriss\u00e4<br \/>\nJ\u00e4sentietoja on Reservi\u00e4isliiton yll\u00e4pit\u00e4m\u00e4ss\u00e4 j\u00e4senrekisteriss\u00e4 sek\u00e4 killan omissa rekistereiss\u00e4.<br \/>\nJ\u00e4sen voi tarkastaa omat tietonsa.<\/p>\n<p>Ohje j\u00e4sentietojen tarkastamisesta<\/p>\n<p>HUOM<br \/>\nJ\u00e4sentemme muuttuneet osoitteet p\u00e4ivitet\u00e4\u00e4n kuukausittain Postin rekisterist\u00e4.<br \/>\nMahdollisesta oman ilmoituksen unohduksesta ei siten ole haittaa.<br \/>\nJos olet lis\u00e4ksi joko RUL:n tai Reservil\u00e4isten j\u00e4sen, yksi osoitteenmuutos p\u00e4ivitt\u00e4\u00e4 kaikki em. rekisterit.<\/p>\n<h3>Mobiilij\u00e4senkortti<\/h3>\n<p>Mobiilij\u00e4senkortti toimii k\u00e4nnyk\u00e4ss\u00e4 ja on ilmainen kaikille j\u00e4senillemme.<\/p>\n<p>Mik\u00e4li haluat mobiilij\u00e4senkortin itsellesi toimi seuraavasti:<br \/>\n&#8211; L\u00e4het\u00e4 toimiston s\u00e4hk\u00f6postiin (mpkltoimisto@mpkl.fi) seuraavat tiedot:<br \/>\n*nimesi<br \/>\n* j\u00e4sennumerosi (jos et tied\u00e4 omaa j\u00e4sennumeroasi, l\u00f6yd\u00e4mme sen<br \/>\nj\u00e4rjestelm\u00e4st\u00e4)<br \/>\n* s\u00e4hk\u00f6postisi (huom! s\u00e4hk\u00f6postin tulee olla toimiva ja k\u00e4yt\u00f6ss\u00e4 oleva)<br \/>\n* matkapuhelinnumerosi<br \/>\n* kilta (tai killat) johon kuulut (ensimm\u00e4iseksi killaksi ensisijainen kilta<br \/>\njne.)<\/p>\n<p>Kun toimisto on vastaanottanut s\u00e4hk\u00f6postin ja luonut tunnukset (saat<br \/>\ns\u00e4hk\u00f6postiin tiedon kortista) toimi seuraavasti:<\/p>\n<p>*Lataa ohjelma Aibonus-sovellus Play-kaupasta tai Apple-storesta<br \/>\n*Avaa Aibonus-sovellus k\u00e4nnyk\u00e4st\u00e4si<br \/>\n* Kirjaudu k\u00e4ytt\u00e4j\u00e4tunnuksella (s\u00e4hk\u00f6postiosoitteesi) ja<br \/>\nkirjautumiskoodilla (Koodi tulee s\u00e4hk\u00f6postiisi. Mik\u00e4li viesti\u00e4 ei n\u00e4y,<br \/>\ntarkista my\u00f6s roskaposti- kansio.)<br \/>\n*Kirjautumisen j\u00e4lkeen kortti on n\u00e4kyviss\u00e4 sovelluksessa, osiossa \u201dMinun<br \/>\nkorttini\u201d<br \/>\n*Klikkaamalla korttia, saat sen avoimeksi<\/p>\n<p>HUOM!<br \/>\n* Pid\u00e4 kirjautumiskoodi tallessa itsell\u00e4si, sill\u00e4 liitto ei pysty sit\u00e4<br \/>\nmuuttamaan.<\/p>\n","protected":false},"excerpt":{"rendered":"<p>Liity j\u00e4seneksi Killan j\u00e4senm\u00e4\u00e4r\u00e4 vuoden 2024 lopussa oli 1292 henkil\u00f6\u00e4. J\u00e4senmaksunsa ajallaan suorittanut j\u00e4sen saa Porilainen &#8211; lehden (4 numeroa &#8230; <\/p>\n<p class=\"read-more-container\"><a title=\"J\u00e4senyys\" class=\"read-more button\" href=\"https:\/\/porinprikaatinkilta.fi\/?page_id=393#more-393\" aria-label=\"Lue lis\u00e4\u00e4 aiheesta J\u00e4senyys\">Lue lis\u00e4\u00e4<\/a><\/p>\n","protected":false},"author":1,"featured_media":0,"parent":375,"menu_order":0,"comment_status":"closed","ping_status":"closed","template":"","meta":{"footnotes":""},"class_list":["post-393","page","type-page","status-publish"],"_links":{"self":[{"href":"https:\/\/porinprikaatinkilta.fi\/index.php?rest_route=\/wp\/v2\/pages\/393","targetHints":{"allow":["GET"]}}],"collection":[{"href":"https:\/\/porinprikaatinkilta.fi\/index.php?rest_route=\/wp\/v2\/pages"}],"about":[{"href":"https:\/\/porinprikaatinkilta.fi\/index.php?rest_route=\/wp\/v2\/types\/page"}],"author":[{"embeddable":true,"href":"https:\/\/porinprikaatinkilta.fi\/index.php?rest_route=\/wp\/v2\/users\/1"}],"replies":[{"embeddable":true,"href":"https:\/\/porinprikaatinkilta.fi\/index.php?rest_route=%2Fwp%2Fv2%2Fcomments&post=393"}],"version-history":[{"count":20,"href":"https:\/\/porinprikaatinkilta.fi\/index.php?rest_route=\/wp\/v2\/pages\/393\/revisions"}],"predecessor-version":[{"id":1217,"href":"https:\/\/porinprikaatinkilta.fi\/index.php?rest_route=\/wp\/v2\/pages\/393\/revisions\/1217"}],"up":[{"embeddable":true,"href":"https:\/\/porinprikaatinkilta.fi\/index.php?rest_route=\/wp\/v2\/pages\/375"}],"wp:attachment":[{"href":"https:\/\/porinprikaatinkilta.fi\/index.php?rest_route=%2Fwp%2Fv2%2Fmedia&parent=393"}],"curies":[{"name":"wp","href":"https:\/\/api.w.org\/{rel}","templated":true}]}}