{"id":491,"date":"2023-03-26T13:38:55","date_gmt":"2023-03-26T13:38:55","guid":{"rendered":"https:\/\/ppk.eitcon.com\/?page_id=491"},"modified":"2025-12-03T14:51:36","modified_gmt":"2025-12-03T14:51:36","slug":"killan-historia","status":"publish","type":"page","link":"https:\/\/porinprikaatinkilta.fi\/?page_id=491","title":{"rendered":"Killan historia"},"content":{"rendered":"<h3>Perustamisasiakirja allekirjoitettiin Turussa<\/h3>\n<p>Porin Rykmentin Killan perustamisasiakirja allekirjoitettiin Turun Varuskunnan Upseerikerholla 15. helmikuuta 1959. Perustavassa kokouksessa oli l\u00e4sn\u00e4 86 henkil\u00f6\u00e4, joista 71 ilmoittautui j\u00e4seneksi perustettavaan kiltaan.<\/p>\n<p>S\u00e4\u00e4nt\u00f6luonnoksen toisessa pyk\u00e4l\u00e4ss\u00e4 mainittiin killan tarkoituksesta seuraavaa: toimia j\u00e4sentens\u00e4 keskin\u00e4isen\u00e4 yhdyssiteen\u00e4, vaalimalla sen piiriin kuuluvia historiallisia perinteit\u00e4, yhteisi\u00e4 muistoja sek\u00e4 tukemalla vaikeuksiin joutuneita sotien kiltaveteraaneja.<\/p>\n<p>S\u00e4\u00e4nn\u00f6iss\u00e4 mainitun valtuuskunnan teht\u00e4v\u00e4n\u00e4 on toimia johtokunnan neuvoa antavana elimen\u00e4 ja eri puolilla maata asuvien killan j\u00e4senten yhdyssiteen\u00e4.<\/p>\n<p>Ensimm\u00e4iseksi johtokunnan puheenjohtajaksi valittiin Ilmari Honkanen ja ensimm\u00e4iseksi valtuuskunnan puheenjohtajaksi Auno Kuiri. Yhdistysrekisteriin kilta merkittiin 7. huhtikuuta 1959.<\/p>\n<p>Perustamisen j\u00e4lkeisin\u00e4 vuosina johtokunnan ja my\u00f6hemmin hallituksen puheenjohtajina ovat toimineet Martti Silanter\u00e4, Totti Mannerhovi, Jouko Rajala, Mauno Harju, Pentti Eskola, Jorma Koivisto, Timo M\u00e4ki, Markku Heinonen, Joni Lindeman, ja Seppo Vainio.<\/p>\n<p>Valtuuskunnan puheenjohtajina ovat toimineet Yrj\u00f6 Vasama, Kalevi Kuusela, Urpo Levo, Simo Palokangas, Arto Arvonen, Tapani Mikola ja Olli Nepponen.<\/p>\n<p>Toiminnan laajetessa kiltaan muodostettiin alaosastoja. Poriin alaosasto perustettiin 1959, Loimaan alaosasto 1960, Salon alaosasto 1960, Turun alaosasto 1961 ja Helsingin alaosasto 1966. Loimaan Seutukunnan V\u00e4\u00e4pelikerho liittyi kiltaan 2006. Sittemmin alaosastojen nimet ovat muutettu alueosastoiksi.<br \/>\nVuonna 2013 vuosikokous p\u00e4\u00e4tti muuttaa killan nimeksi Porin prikaatin kilta ry. Nimimuutos rekister\u00f6itiin Patentti- ja rekisterihallituksessa 12.11.2013.<\/p>\n<h3>Kiltalippu n\u00e4kyvin tunnus<\/h3>\n<p>Kilta sai maamme ensimm\u00e4isen\u00e4 joukko-osastokiltana itselleen oman lipun. Sen lahjoittivat entisess\u00e4 Porin Rykmentiss\u00e4 palvelleet upseerit ja heid\u00e4n rouvansa. Kiltaveli Eino Laitakarin suunnittelema lippu vihittiin k\u00e4ytt\u00f6\u00f6n Turun Varuskunnan Upseerikerholla 14. helmikuuta 1965.<\/p>\n<p>Lipussa ovat maakuntien tunnukset. Satakunnan karhu ja Varsinais-Suomen haarniskakuvio. Lippu ei palvele taistelutunnuksena, mutta se kokoaa kiltaveljet ulkoisen tunnusmerkkins\u00e4 ymp\u00e4rille. Se velvoittaa kiltavelji\u00e4 ja \u2013sisaria my\u00f6s rykmenttiin liitetyn komentajan, von D\u00f6belnin, vaakunakilpeen kaiverretuin sanoin: \u201dKunnia, velvollisuus ja tahto\u201d. Kiltalippu uudistettiin ja naulattiin rykmenttikokoon muutettuna 31. hein\u00e4kuuta 1993.<\/p>\n<p>Turun alueosaston lippu vihittiin vuonna 1985. Salon alueosaston lippu vihittiin 2007. Loimaan alueosaston lipun vihkiminen suoritettiin 2008. Nuorimman alueosaston Loimaan Seutukunnan V\u00e4\u00e4pelikerhon lippu vihittiin k\u00e4ytt\u00f6\u00f6ns\u00e4 my\u00f6s vuonna 2008.<\/p>\n","protected":false},"excerpt":{"rendered":"<p>Perustamisasiakirja allekirjoitettiin Turussa Porin Rykmentin Killan perustamisasiakirja allekirjoitettiin Turun Varuskunnan Upseerikerholla 15. helmikuuta 1959. Perustavassa kokouksessa oli l\u00e4sn\u00e4 86 henkil\u00f6\u00e4, &#8230; <\/p>\n<p class=\"read-more-container\"><a title=\"Killan historia\" class=\"read-more button\" href=\"https:\/\/porinprikaatinkilta.fi\/?page_id=491#more-491\" aria-label=\"Lue lis\u00e4\u00e4 aiheesta Killan historia\">Lue lis\u00e4\u00e4<\/a><\/p>\n","protected":false},"author":1,"featured_media":0,"parent":484,"menu_order":0,"comment_status":"closed","ping_status":"closed","template":"","meta":{"footnotes":""},"class_list":["post-491","page","type-page","status-publish"],"_links":{"self":[{"href":"https:\/\/porinprikaatinkilta.fi\/index.php?rest_route=\/wp\/v2\/pages\/491","targetHints":{"allow":["GET"]}}],"collection":[{"href":"https:\/\/porinprikaatinkilta.fi\/index.php?rest_route=\/wp\/v2\/pages"}],"about":[{"href":"https:\/\/porinprikaatinkilta.fi\/index.php?rest_route=\/wp\/v2\/types\/page"}],"author":[{"embeddable":true,"href":"https:\/\/porinprikaatinkilta.fi\/index.php?rest_route=\/wp\/v2\/users\/1"}],"replies":[{"embeddable":true,"href":"https:\/\/porinprikaatinkilta.fi\/index.php?rest_route=%2Fwp%2Fv2%2Fcomments&post=491"}],"version-history":[{"count":7,"href":"https:\/\/porinprikaatinkilta.fi\/index.php?rest_route=\/wp\/v2\/pages\/491\/revisions"}],"predecessor-version":[{"id":1261,"href":"https:\/\/porinprikaatinkilta.fi\/index.php?rest_route=\/wp\/v2\/pages\/491\/revisions\/1261"}],"up":[{"embeddable":true,"href":"https:\/\/porinprikaatinkilta.fi\/index.php?rest_route=\/wp\/v2\/pages\/484"}],"wp:attachment":[{"href":"https:\/\/porinprikaatinkilta.fi\/index.php?rest_route=%2Fwp%2Fv2%2Fmedia&parent=491"}],"curies":[{"name":"wp","href":"https:\/\/api.w.org\/{rel}","templated":true}]}}