{"id":568,"date":"2023-05-07T13:02:13","date_gmt":"2023-05-07T13:02:13","guid":{"rendered":"https:\/\/ppk.eitcon.com\/?page_id=568"},"modified":"2023-05-07T13:13:38","modified_gmt":"2023-05-07T13:13:38","slug":"porilaismuseo","status":"publish","type":"page","link":"https:\/\/porinprikaatinkilta.fi\/?page_id=568","title":{"rendered":"Porilaismuseo"},"content":{"rendered":"<p><img fetchpriority=\"high\" decoding=\"async\" class=\"alignnone size-large wp-image-571\" src=\"https:\/\/ppk.eitcon.com\/wp-content\/uploads\/2023\/05\/museo4-1024x681.jpg\" alt=\"\" width=\"1024\" height=\"681\" srcset=\"https:\/\/porinprikaatinkilta.fi\/wp-content\/uploads\/2023\/05\/museo4-1024x681.jpg 1024w, https:\/\/porinprikaatinkilta.fi\/wp-content\/uploads\/2023\/05\/museo4-300x200.jpg 300w, https:\/\/porinprikaatinkilta.fi\/wp-content\/uploads\/2023\/05\/museo4-768x511.jpg 768w, https:\/\/porinprikaatinkilta.fi\/wp-content\/uploads\/2023\/05\/museo4.jpg 1200w\" sizes=\"(max-width: 1024px) 100vw, 1024px\" \/><br \/>\nUuden tilaratkaisun my\u00f6t\u00e4 museon seitsem\u00e4n vuoden evakkotaival p\u00e4\u00e4ttyi kev\u00e4\u00e4ll\u00e4 2020. N\u00e4yttelyn ensimm\u00e4inen osa on valmistunut ja se k\u00e4sitt\u00e4\u00e4 ajan Kuninkaallisen Porin Rykmentin perustamisvuodesta 1626, aina Tarkk&#8217;ampujapataljoonien lakkauttamiseen vuoteen 1902. N\u00e4yttelyyn voi toistaiseksi tutustua vain sopimuksesta.<\/p>\n<h3>Museo ottaa vastaan lahjoituksia<\/h3>\n<p>Ota yhteytt\u00e4, jos sinulla Porin Rykmentin tai Porin prikaatin historiaan liittyv\u00e4\u00e4 materiaalia, jota haluaisit lahjoittaa museolle.<\/p>\n<h3>Sijainti, yhteystiedot<\/h3>\n<p>Porilaismuseo sijaitsee S\u00e4kyl\u00e4n varuskunnan v\u00e4litt\u00f6m\u00e4ss\u00e4 l\u00e4heisyydess\u00e4 osoitteessa: Huovintie 24, 27800 S\u00e4kyl\u00e4 (Kerhorakennus). Yhteyshenkil\u00f6: Heikki Saarinen puh. 0299 441 359, heikki.saarinen@mil.fi .<\/p>\n<p>Lis\u00e4tietoja: <a href=\"https:\/\/porilaismuseo.fi\/\" target=\"_blank\" rel=\"noopener\">porilaismuseo.fi<\/a><\/p>\n<p><img decoding=\"async\" class=\"alignnone size-large wp-image-573\" src=\"https:\/\/ppk.eitcon.com\/wp-content\/uploads\/2023\/05\/avattu_museo_1-1024x683.jpg\" alt=\"\" width=\"1024\" height=\"683\" srcset=\"https:\/\/porinprikaatinkilta.fi\/wp-content\/uploads\/2023\/05\/avattu_museo_1-1024x683.jpg 1024w, https:\/\/porinprikaatinkilta.fi\/wp-content\/uploads\/2023\/05\/avattu_museo_1-300x200.jpg 300w, https:\/\/porinprikaatinkilta.fi\/wp-content\/uploads\/2023\/05\/avattu_museo_1-768x512.jpg 768w, https:\/\/porinprikaatinkilta.fi\/wp-content\/uploads\/2023\/05\/avattu_museo_1.jpg 1200w\" sizes=\"(max-width: 1024px) 100vw, 1024px\" \/> <img decoding=\"async\" class=\"aligncenter wp-image-574 size-large\" src=\"https:\/\/ppk.eitcon.com\/wp-content\/uploads\/2023\/05\/avattu_museo_2-800x1024.jpg\" alt=\"\" width=\"800\" height=\"1024\" srcset=\"https:\/\/porinprikaatinkilta.fi\/wp-content\/uploads\/2023\/05\/avattu_museo_2-800x1024.jpg 800w, https:\/\/porinprikaatinkilta.fi\/wp-content\/uploads\/2023\/05\/avattu_museo_2-234x300.jpg 234w, https:\/\/porinprikaatinkilta.fi\/wp-content\/uploads\/2023\/05\/avattu_museo_2-768x983.jpg 768w, https:\/\/porinprikaatinkilta.fi\/wp-content\/uploads\/2023\/05\/avattu_museo_2.jpg 1200w\" sizes=\"(max-width: 800px) 100vw, 800px\" \/><\/p>\n<p><img loading=\"lazy\" decoding=\"async\" class=\"alignnone size-large wp-image-575\" src=\"https:\/\/ppk.eitcon.com\/wp-content\/uploads\/2023\/05\/avattu_museo_3-1024x474.jpg\" alt=\"\" width=\"1024\" height=\"474\" srcset=\"https:\/\/porinprikaatinkilta.fi\/wp-content\/uploads\/2023\/05\/avattu_museo_3-1024x474.jpg 1024w, https:\/\/porinprikaatinkilta.fi\/wp-content\/uploads\/2023\/05\/avattu_museo_3-300x139.jpg 300w, https:\/\/porinprikaatinkilta.fi\/wp-content\/uploads\/2023\/05\/avattu_museo_3-768x356.jpg 768w, https:\/\/porinprikaatinkilta.fi\/wp-content\/uploads\/2023\/05\/avattu_museo_3.jpg 1200w\" sizes=\"(max-width: 1024px) 100vw, 1024px\" \/><\/p>\n<p>&nbsp;<\/p>\n","protected":false},"excerpt":{"rendered":"<p>Uuden tilaratkaisun my\u00f6t\u00e4 museon seitsem\u00e4n vuoden evakkotaival p\u00e4\u00e4ttyi kev\u00e4\u00e4ll\u00e4 2020. N\u00e4yttelyn ensimm\u00e4inen osa on valmistunut ja se k\u00e4sitt\u00e4\u00e4 ajan Kuninkaallisen &#8230; <\/p>\n<p class=\"read-more-container\"><a title=\"Porilaismuseo\" class=\"read-more button\" href=\"https:\/\/porinprikaatinkilta.fi\/?page_id=568#more-568\" aria-label=\"Lue lis\u00e4\u00e4 aiheesta Porilaismuseo\">Lue lis\u00e4\u00e4<\/a><\/p>\n","protected":false},"author":1,"featured_media":0,"parent":375,"menu_order":0,"comment_status":"closed","ping_status":"closed","template":"","meta":{"footnotes":""},"class_list":["post-568","page","type-page","status-publish"],"_links":{"self":[{"href":"https:\/\/porinprikaatinkilta.fi\/index.php?rest_route=\/wp\/v2\/pages\/568","targetHints":{"allow":["GET"]}}],"collection":[{"href":"https:\/\/porinprikaatinkilta.fi\/index.php?rest_route=\/wp\/v2\/pages"}],"about":[{"href":"https:\/\/porinprikaatinkilta.fi\/index.php?rest_route=\/wp\/v2\/types\/page"}],"author":[{"embeddable":true,"href":"https:\/\/porinprikaatinkilta.fi\/index.php?rest_route=\/wp\/v2\/users\/1"}],"replies":[{"embeddable":true,"href":"https:\/\/porinprikaatinkilta.fi\/index.php?rest_route=%2Fwp%2Fv2%2Fcomments&post=568"}],"version-history":[{"count":3,"href":"https:\/\/porinprikaatinkilta.fi\/index.php?rest_route=\/wp\/v2\/pages\/568\/revisions"}],"predecessor-version":[{"id":576,"href":"https:\/\/porinprikaatinkilta.fi\/index.php?rest_route=\/wp\/v2\/pages\/568\/revisions\/576"}],"up":[{"embeddable":true,"href":"https:\/\/porinprikaatinkilta.fi\/index.php?rest_route=\/wp\/v2\/pages\/375"}],"wp:attachment":[{"href":"https:\/\/porinprikaatinkilta.fi\/index.php?rest_route=%2Fwp%2Fv2%2Fmedia&parent=568"}],"curies":[{"name":"wp","href":"https:\/\/api.w.org\/{rel}","templated":true}]}}

<p><img fetchpriority="high" decoding="async" class="alignnone size-large wp-image-571" src="https://ppk.eitcon.com/wp-content/uploads/2023/05/museo4-1024x681.jpg" alt="" width="1024" height="681" srcset="https://porinprikaatinkilta.fi/wp-content/uploads/2023/05/museo4-1024x681.jpg 1024w, https://porinprikaatinkilta.fi/wp-content/uploads/2023/05/museo4-300x200.jpg 300w, https://porinprikaatinkilta.fi/wp-content/uploads/2023/05/museo4-768x511.jpg 768w, https://porinprikaatinkilta.fi/wp-content/uploads/2023/05/museo4.jpg 1200w" sizes="(max-width: 1024px) 100vw, 1024px" /><br />
Uuden tilaratkaisun myötä museon seitsemän vuoden evakkotaival päättyi keväällä 2020. Näyttelyn ensimmäinen osa on valmistunut ja se käsittää ajan Kuninkaallisen Porin Rykmentin perustamisvuodesta 1626, aina Tarkk&#8217;ampujapataljoonien lakkauttamiseen vuoteen 1902. Näyttelyyn voi toistaiseksi tutustua vain sopimuksesta.</p>
<h3>Museo ottaa vastaan lahjoituksia</h3>
<p>Ota yhteyttä, jos sinulla Porin Rykmentin tai Porin prikaatin historiaan liittyvää materiaalia, jota haluaisit lahjoittaa museolle.</p>
<h3>Sijainti, yhteystiedot</h3>
<p>Porilaismuseo sijaitsee Säkylän varuskunnan välittömässä läheisyydessä osoitteessa: Huovintie 24, 27800 Säkylä (Kerhorakennus). Yhteyshenkilö: Heikki Saarinen puh. 0299 441 359, heikki.saarinen@mil.fi .</p>
<p>Lisätietoja: <a href="https://porilaismuseo.fi/" target="_blank" rel="noopener">porilaismuseo.fi</a></p>
<p><img decoding="async" class="alignnone size-large wp-image-573" src="https://ppk.eitcon.com/wp-content/uploads/2023/05/avattu_museo_1-1024x683.jpg" alt="" width="1024" height="683" srcset="https://porinprikaatinkilta.fi/wp-content/uploads/2023/05/avattu_museo_1-1024x683.jpg 1024w, https://porinprikaatinkilta.fi/wp-content/uploads/2023/05/avattu_museo_1-300x200.jpg 300w, https://porinprikaatinkilta.fi/wp-content/uploads/2023/05/avattu_museo_1-768x512.jpg 768w, https://porinprikaatinkilta.fi/wp-content/uploads/2023/05/avattu_museo_1.jpg 1200w" sizes="(max-width: 1024px) 100vw, 1024px" /> <img decoding="async" class="aligncenter wp-image-574 size-large" src="https://ppk.eitcon.com/wp-content/uploads/2023/05/avattu_museo_2-800x1024.jpg" alt="" width="800" height="1024" srcset="https://porinprikaatinkilta.fi/wp-content/uploads/2023/05/avattu_museo_2-800x1024.jpg 800w, https://porinprikaatinkilta.fi/wp-content/uploads/2023/05/avattu_museo_2-234x300.jpg 234w, https://porinprikaatinkilta.fi/wp-content/uploads/2023/05/avattu_museo_2-768x983.jpg 768w, https://porinprikaatinkilta.fi/wp-content/uploads/2023/05/avattu_museo_2.jpg 1200w" sizes="(max-width: 800px) 100vw, 800px" /></p>
<p><img loading="lazy" decoding="async" class="alignnone size-large wp-image-575" src="https://ppk.eitcon.com/wp-content/uploads/2023/05/avattu_museo_3-1024x474.jpg" alt="" width="1024" height="474" srcset="https://porinprikaatinkilta.fi/wp-content/uploads/2023/05/avattu_museo_3-1024x474.jpg 1024w, https://porinprikaatinkilta.fi/wp-content/uploads/2023/05/avattu_museo_3-300x139.jpg 300w, https://porinprikaatinkilta.fi/wp-content/uploads/2023/05/avattu_museo_3-768x356.jpg 768w, https://porinprikaatinkilta.fi/wp-content/uploads/2023/05/avattu_museo_3.jpg 1200w" sizes="(max-width: 1024px) 100vw, 1024px" /></p>
<p>&nbsp;</p>

<p>Uuden tilaratkaisun myötä museon seitsemän vuoden evakkotaival päättyi keväällä 2020. Näyttelyn ensimmäinen osa on valmistunut ja se käsittää ajan Kuninkaallisen &#8230; </p>
<p class="read-more-container"><a title="Porilaismuseo" class="read-more button" href="https://porinprikaatinkilta.fi/?page_id=568#more-568" aria-label="Lue lisää aiheesta Porilaismuseo">Lue lisää</a></p>
